748 and 88?
44
What is the highest common factor of 11684 and 391?
23
What is the greatest common factor of 2958 and 30906?
102
What is the highest common divisor of 459 and 132039?
153
What is the greatest common divisor of 102 and 419016?
102
What is the greatest common factor of 160 and 2990?
10
Calculate the greatest common factor of 576 and 4750848.
576
Calculate the highest common divisor of 123692 and 214.
214
What is the greatest common divisor of 133 and 20197?
19
What is the highest common factor of 127 and 124079?
127
What is the greatest common factor of 1196 and 24?
4
Calculate the highest common divisor of 1338 and 471422.
446
What is the greatest common divisor of 3850 and 2650?
50
Calculate the highest common factor of 407155 and 1575.
35
Calculate the highest common factor of 1971 and 45360.
27
What is the greatest common divisor of 154271 and 143?
13
Calculate the highest common divisor of 901255 and 345.
115
What is the greatest common divisor of 31 and 132773?
31
Calculate the greatest common factor of 15 and 730550.
5
What is the greatest common divisor of 25 and 64275?
25
Calculate the greatest common divisor of 105846 and 3894.
354
What is the greatest common factor of 48917 and 33?
11
What is the highest common divisor of 704 and 25280?
64
What is the highest common factor of 26 and 229814?
26
What is the greatest common factor of 767878 and 46?
46
What is the highest common factor of 19193 and 391?
17
What is the highest common divisor of 1156 and 81209?
289
What is the greatest common factor of 14 and 404684?
14
Calculate the greatest common factor of 880 and 33946.
22
What is the highest common factor of 47525 and 675?
25
What is the greatest common factor of 44075 and 86000?
1075
What is the highest common factor of 649 and 442028?
59
What is the highest common divisor of 33168 and 648?
24
Calculate the highest common divisor of 164115 and 1260.
315
What is the highest common divisor of 2805 and 135201?
561
Calculate the highest common factor of 1651900 and 60.
20
What is the greatest common divisor of 176 and 62288?
16
What is the highest common divisor of 1266 and 3827118?
1266
What is the highest common factor of 985662 and 270?
54
What is the highest common divisor of 4183 and 1786?
47
Calculate the greatest common factor of 1315 and 12887.
263
What is the greatest common factor of 35168 and 2528?
32
What is the greatest common factor of 22250 and 2848?
178
What is the greatest common factor of 6590 and 10?
10
Calculate the highest common factor of 538 and 998.
2
Calculate the highest common factor of 549 and 4552308.
549
Calculate the greatest common factor of 18144 and 528.
48
What is the greatest common divisor of 430 and 113110?
10
What is the greatest common divisor of 6766 and 13731?
199
What is the greatest common divisor of 5120115 and 1089?
363
What is the greatest common divisor of 126139 and 13?
13
What is the greatest common factor of 104 and 1228?
4
What is the greatest common divisor of 389950 and 121?
11
What is the highest common factor of 113448 and 119016?
696
What is the greatest common divisor of 7567 and 749?
7
Calculate the highest common factor of 21 and 729645.
21
Calculate the greatest common divisor of 4997 and 152.
19
What is the highest common divisor of 15736658 and 427?
427
What is the greatest common factor of 66982 and 8764?
626
What is the highest common divisor of 1928505 and 4980?
1245
What is the highest common divisor of 2561652 and 108?
108
What is the greatest common factor of 53384 and 40?
8
What is the highest common divisor of 4757 and 1633?
71
Calculate the highest common factor of 202 and 1086356.
202
Calculate the greatest common divisor of 172 and 795242.
86
What is the greatest common divisor of 59087 and 483?
161
What is the highest common divisor of 279 and 37603?
31
Calculate the greatest common factor of 81709 and 4949.
101
Calculate the greatest common divisor of 14 and 240646.
14
What is the greatest common factor of 736538 and 22?
22
What is the highest common factor of 1534 and 50414?
26
What is the greatest common divisor of 66202 and 2449?
79
What is the greatest common factor of 173650 and 4379?
151
What is the highest common divisor of 259131 and 51?
51
Calculate the highest common divisor of 6884691 and 22.
11
Calculate the highest common divisor of 57 and 11553.
3
What is the highest common factor of 125476 and 4572?
508
What is the greatest common divisor of 260340 and 2?
2
What is the highest common divisor of 990 and 14166?
18
Calculate the highest common divisor of 12 and 1101084.
12
What is the highest common factor of 42296 and 1360?
136
Calculate the greatest common divisor of 172 and 249142.
86
Calculate the highest common factor of 1256 and 24.
8
What is the greatest common divisor of 121204 and 1413?
157
Calculate the greatest common factor of 39 and 126867.
39
What is the greatest common factor of 489316 and 596?
596
What is the greatest common divisor of 3498 and 704?
22
Calculate the highest common divisor of 600 and 1580400.
600
Calculate the greatest common divisor of 10074 and 195.
3
Calculate the greatest common factor of 205238 and 11293.
491
Calculate the highest common divisor of 40 and 5192.
8
Calculate the highest common divisor of 116 and 1848953.
29
Calculate the highest common factor of 709 and 19302525.
709
Calculate the greatest common factor of 627 and 47861.
209
Calculate the greatest common factor of 68013 and 84501.
2061
What is the greatest common factor of 1737 and 78744?
579
Calculate the highest common divisor of 8 and 58676.
4
Calculate the highest common divisor of 4878 and 288.
18
Calculate the greatest common divisor of 1050630 and 630.
210
What is the greatest common divisor of 3 and 7941?
3
What is the highest common divisor of 2688 and 6496?
224
Calculate the highest common divisor of 169926 and 36576.
762
Calculate the greatest common factor of 1884253 and 7.
7
What is the highest common divisor of 123 and 80606?
41
What is the greatest common factor of 45 and 8424495?
45
Calculate the highest common factor of 25376 and 3328.
416
Calculate the highest common factor of 1149675 and 15.
15
What is the greatest common factor of 3312 and 13752?
72
What is the highest common factor of 188699 and 49?
49
Calculate the greatest common divisor of 477 and 114480.
477
Calculate the greatest common factor of 6 and 453.
3
What is the greatest common factor of 339439 and 85?
17
Calculate the greatest common factor of 76 and 291099.
19
Calculate the greatest common divisor of 12 and 9244.
4
Calculate the highest common factor of 581 and 718697.
581
Calculate the highest common divisor of 36656 and 237.
79
What is the greatest common factor of 102 and 20562?
6
What is the highest common factor of 9590 and 3080?
70
What is the highest common divisor of 3 and 259383?
3
Calculate the greatest common factor of 10 and 57430.
10
Calculate the highest common factor of 108 and 657.
9
What is the greatest common factor of 6125 and 82565?
245
Calculate the highest common divisor of 1908 and 96.
12
Calculate the greatest common factor of 229415 and 3910.
85
Calculate the greatest common factor of 2178 and 473253.
33
Calculate the greatest common divisor of 169000 and 22360.
520
What is the greatest common factor of 653201 and 372?
31
Calculate the highest common factor of 48180 and 161403.
2409
Calculate the highest common factor of 1168 and 512168.
584
Calculate the greatest common divisor of 243667 and 1807.
139
Calculate the highest common divisor of 3421 and 3916.
11
What is the greatest common factor of 2165 and 11691?
433
What is the highest common factor of 14417 and 26?
13
What is the greatest common factor of 5311260 and 456?
228
What is the highest common divisor of 80 and 3584?
16
Calculate the highest common divisor of 5899 and 13186.
347
Calculate the greatest common divisor of 487 and 11282329.
487
Calculate the highest common factor of 9757 and 66.
11
Calculate the highest common divisor of 1212 and 4788.
12
Calculate the highest common factor of 9058 and 4186.
14
What is the highest common divisor of 133021 and 2387?
217
Calculate the greatest common factor of 14663 and 77099.
473
What is the greatest common factor o